{"id":52,"date":"2022-04-05T18:57:33","date_gmt":"2022-04-05T18:57:33","guid":{"rendered":"https:\/\/siwinski.ptmw.art.pl\/?page_id=52"},"modified":"2023-06-14T11:14:26","modified_gmt":"2023-06-14T11:14:26","slug":"wideo","status":"publish","type":"page","link":"https:\/\/siwinski.art\/?page_id=52","title":{"rendered":"WIDEO"},"content":{"rendered":"\t\t<div data-elementor-type=\"wp-page\" data-elementor-id=\"52\" class=\"elementor elementor-52\">\n\t\t\t\t\t\t<section class=\"elementor-section elementor-top-section elementor-element elementor-element-8574288 elementor-section-boxed elementor-section-height-default elementor-section-height-default\" data-id=\"8574288\" data-element_type=\"section\">\n\t\t\t\t\t\t<div class=\"elementor-container elementor-column-gap-default\">\n\t\t\t\t\t<div class=\"elementor-column elementor-col-100 elementor-top-column elementor-element elementor-element-348866b\" data-id=\"348866b\" data-element_type=\"column\">\n\t\t\t<div class=\"elementor-widget-wrap elementor-element-populated\">\n\t\t\t\t\t\t<div class=\"elementor-element elementor-element-5c19f1d elementor-widget elementor-widget-text-editor\" data-id=\"5c19f1d\" data-element_type=\"widget\" data-widget_type=\"text-editor.default\">\n\t\t\t\t<div class=\"elementor-widget-container\">\n\t\t\t\t\t\t\t\t\t<h4 style=\"text-align: left;\"><span style=\"color: #f4fae6;\">Filmy<\/span><\/h4><ul><li style=\"text-align: left;\"><a href=\"https:\/\/www.youtube.com\/watch?v=U1bpkQ_5O1o&amp;t=23s\" target=\"_blank\" rel=\"noopener\"><em>O wariacjach i odmie\u0144cach<\/em><\/a> <span style=\"color: #f4fae6;\">re\u017c. Jaros\u0142aw Siwi\u0144ski (2016)<\/span><\/li><li style=\"text-align: left;\"><a href=\"https:\/\/www.youtube.com\/watch?v=EoXwNIbJS3g\" target=\"_blank\" rel=\"noopener\"><em>Kinefaktura<\/em><\/a> <span style=\"color: #f4fae6;\">re\u017c. Marcin Gi\u017cycki (2012)<\/span><\/li><\/ul><h4><span style=\"color: #f4fae6;\">Wykonania utwor\u00f3w<\/span><\/h4><ul><li class=\"western\"><a href=\"https:\/\/www.youtube.com\/watch?v=WkQAFw6BGf0\" target=\"_blank\" rel=\"noopener\"><em>Trio<\/em><\/a> <span style=\"color: #f4fae6;\">na flet, skrzypce i fortepian (2020)<\/span><\/li><li class=\"western\"><a href=\"https:\/\/www.youtube.com\/watch?v=epAYknvnCBA\" target=\"_blank\" rel=\"noopener\"><em>Opowie\u015b\u0107 z p\u0142ytkiego morza<\/em><\/a> <span style=\"color: #f4fae6;\">na zesp\u00f3\u0142 kameralny (2017) &#8211; fragmenty<\/span><\/li><li class=\"western\"><a href=\"https:\/\/www.youtube.com\/watch?v=QyDylSUR9Bo\" target=\"_blank\" rel=\"noopener\"><em>Ornitologia<\/em><\/a> <span style=\"color: #f4fae6;\">na sopran i orkiestr\u0119 kameraln\u0105, do s\u0142\u00f3w Ma\u0142gorzaty Ko\u0142cz (2017)<\/span><\/li><li class=\"western\"><em><a href=\"https:\/\/www.youtube.com\/watch?v=okelvqF0MnQ\" target=\"_blank\" rel=\"noopener\">Je\u017celi<\/a><\/em> <span style=\"color: #f4fae6;\">na sopran, kwartet smyczkowy i fortepian autonomiczny, do s\u0142\u00f3w Agnieszki Syskiej (2016)<\/span><\/li><li class=\"western\"><a href=\"https:\/\/www.youtube.com\/watch?v=c7d102fg9jk&amp;t=6s\" target=\"_blank\" rel=\"noopener\"><em>Milcz\u0105ca Rybka<\/em><\/a> <span style=\"color: #f4fae6;\">mikroopera dla dzieci, libretto: Ma\u0142gorzata Ko\u0142cz (2016)<\/span><\/li><li class=\"western\"><a href=\"https:\/\/www.youtube.com\/watch?v=J7-vWiwh3Qc\" target=\"_blank\" rel=\"noopener\"><em>Toccata<\/em><\/a> <span style=\"color: #f4fae6;\">na skrzypce i fortepian (2015)<\/span><\/li><li class=\"western\"><a href=\"https:\/\/www.youtube.com\/watch?v=UvcBXxr8wlA\" target=\"_blank\" rel=\"noopener\"><em>Tamta strona okaza\u0142a si\u0119<\/em><\/a> <span style=\"color: #f4fae6;\">na sopran i zesp\u00f3\u0142 kameralny, do s\u0142\u00f3w Agnieszki Syskiej (2014)<\/span><\/li><li class=\"western\"><a href=\"https:\/\/www.youtube.com\/watch?v=2XS-ok5CK00\" target=\"_blank\" rel=\"noopener\"><em>Chopin Elements &#8211; Wariacja 10_09<\/em><\/a> <span style=\"color: #f4fae6;\">na fortepian autonomiczny (2012)<\/span><\/li><li class=\"western\"><a href=\"https:\/\/www.youtube.com\/watch?v=fd-VkWPijXY\" target=\"_blank\" rel=\"noopener\"><em>Chopin Elements &#8211; Wariacja 25_06<\/em><\/a> <span style=\"color: #f4fae6;\">na fortepian autonomiczny (2012)<\/span><\/li><\/ul>\t\t\t\t\t\t\t\t<\/div>\n\t\t\t\t<\/div>\n\t\t\t\t\t<\/div>\n\t\t<\/div>\n\t\t\t\t\t<\/div>\n\t\t<\/section>\n\t\t\t\t<\/div>\n\t\t","protected":false},"excerpt":{"rendered":"<p>Filmy O wariacjach i odmie\u0144cach re\u017c. Jaros\u0142aw Siwi\u0144ski (2016) Kinefaktura re\u017c. Marcin Gi\u017cycki (2012) Wykonania utwor\u00f3w Trio na flet, skrzypce i fortepian (2020) Opowie\u015b\u0107 z p\u0142ytkiego morza na zesp\u00f3\u0142 kameralny (2017) &#8211; fragmenty Ornitologia na sopran i orkiestr\u0119 kameraln\u0105, do s\u0142\u00f3w Ma\u0142gorzaty Ko\u0142cz (2017) Je\u017celi na sopran, kwartet smyczkowy i fortepian autonomiczny, do s\u0142\u00f3w Agnieszki&hellip;&nbsp;<a href=\"https:\/\/siwinski.art\/?page_id=52\" rel=\"bookmark\">Dowiedz si\u0119 wi\u0119cej &raquo;<span class=\"screen-reader-text\">WIDEO<\/span><\/a><\/p>\n","protected":false},"author":1,"featured_media":0,"parent":0,"menu_order":0,"comment_status":"closed","ping_status":"closed","template":"","meta":{"neve_meta_sidebar":"","neve_meta_container":"","neve_meta_enable_content_width":"","neve_meta_content_width":0,"neve_meta_title_alignment":"","neve_meta_author_avatar":"","neve_post_elements_order":"","neve_meta_disable_header":"","neve_meta_disable_footer":"","neve_meta_disable_title":"on","footnotes":""},"class_list":["post-52","page","type-page","status-publish","hentry"],"_links":{"self":[{"href":"https:\/\/siwinski.art\/index.php?rest_route=\/wp\/v2\/pages\/52","targetHints":{"allow":["GET"]}}],"collection":[{"href":"https:\/\/siwinski.art\/index.php?rest_route=\/wp\/v2\/pages"}],"about":[{"href":"https:\/\/siwinski.art\/index.php?rest_route=\/wp\/v2\/types\/page"}],"author":[{"embeddable":true,"href":"https:\/\/siwinski.art\/index.php?rest_route=\/wp\/v2\/users\/1"}],"replies":[{"embeddable":true,"href":"https:\/\/siwinski.art\/index.php?rest_route=%2Fwp%2Fv2%2Fcomments&post=52"}],"version-history":[{"count":89,"href":"https:\/\/siwinski.art\/index.php?rest_route=\/wp\/v2\/pages\/52\/revisions"}],"predecessor-version":[{"id":828,"href":"https:\/\/siwinski.art\/index.php?rest_route=\/wp\/v2\/pages\/52\/revisions\/828"}],"wp:attachment":[{"href":"https:\/\/siwinski.art\/index.php?rest_route=%2Fwp%2Fv2%2Fmedia&parent=52"}],"curies":[{"name":"wp","href":"https:\/\/api.w.org\/{rel}","templated":true}]}}